*w, 0 = -5*l - 5*w. What are the prime factors of l/(-14) - (1 + f/(-7))?
2, 47
Let j = 940 - 412. Suppose -9*k + 1797 = j. List the prime factors of k.
3, 47
Let k(q) = 399*q - 3. Let f(h) = -7*h + 22. Let w be f(3). Let l be k(w). Suppose 12*j - l = 8*j. List the prime factors of j.
3, 11
Suppose 72078 + 17277 = 2*f - o, 5*o - 5 = 0. What are the prime factors of f?
2, 89, 251
Let o = -23990 - -43841. What are the prime factors of o?
3, 13, 509
Suppose -20 = 56*t - 60*t. Let n(w) = 234*w - 136. List the prime factors of n(t).
2, 11, 47
Let u(b) = -7*b**2 + 844*b - 286. List the prime factors of u(94).
2, 8599
Suppose -290*h + 3628736 = -172*h. What are the prime factors of h?
2, 31
Let q = 10 - 8. Let x(f) be the first derivative of f**4/4 + 2*f**3/3 - f**2/2 - 2*f + 30. List the prime factors of x(q).
2, 3
Let a = -75671 - -127018. List the prime factors of a.
51347
Let v(o) = 2063*o - 775. List the prime factors of v(2).
3, 1117
Suppose 3*f + 2*f = k + 719, -4*f = k - 568. Let x = f + -149. What are the prime factors of (442/6)/(95/15 + x)?
13, 17
Let q be (5 - -1 - 4)*32. Suppose 2470 = -q*o + 77*o. List the prime factors of o.
2, 5, 19
Let i be (-3)/(-2)*112/6. Suppose -22814 = -i*o + 4878. What are the prime factors of o?
23, 43
Let g = -142 - -426. Suppose -100*k + 96*k = 0. Suppose k = z + 3*z - g. List the prime factors of z.
71
Let o(d) be the second derivative of -13*d**4/6 + d**3/3 + d**2 + 8*d. Let j be o(2). Let y = j + 184. List the prime factors of y.
2, 43
Suppose 9020 = -43*o + 67328. List the prime factors of o.
2, 3, 113
Suppose -3 = -15*t + 27. Suppose t*r = 4*j - 3642, -14*r = -2*j - 10*r + 1818. List the prime factors of j.
911
Let f = 34409 + 13087. List the prime factors of f.
2, 3, 1979
Suppose 2*g + 5485 - 38097 = -5*n, -g - 6521 = -n. Suppose n + 9536 = 14*r. List the prime factors of r.
31, 37
Let f(b) = -b**2 + 8*b + 28. Let t be f(-3). List the prime factors of 6090/84*(-14)/t.
7, 29
Let p be (-1*12/14)/((-57)/1064). Suppose -21*b = -p*b - 2280. What are the prime factors of b?
2, 3, 19
Let d(q) = 2*q**3 - q**2 + 59*q + 122. Let t be d(-2). Suppose -11 = -5*g + 5*u - 1, 3*g + 24 = -3*u. What are the prime factors of (820/t - 6/8)*g?
2, 3, 13
Suppose -30 = 26*g + 22. List the prime factors of ((-64)/320)/(g/8780).
2, 439
Suppose 4*x = -10 + 14. Let f be 2/6 + x/(-6)*2. Suppose f = 6*o - 2*o - 344. What are the prime factors of o?
2, 43
Let w(p) = 100*p + 9. Suppose -j - 5*t + 30 = 0, 3*t - 25 = -2*j - 0*j. What are the prime factors of w(j)?
509
Suppose 4*c - 33 = c - 3*n, 71 = 4*c - 5*n. Suppose -2*m + c = 10. List the prime factors of m/(-2)*(11 + -65).
2, 3
Let s = 1553 - 2654. Let o = -771 - s. What are the prime factors of o?
2, 3, 5, 11
Suppose -780 - 673 = -b. Let x = b - 686. What are the prime factors of x?
13, 59
Suppose 0 = 13*s - 33*s + 31320. Suppose s = 5*b - 409. List the prime factors of b.
5, 79
Let r(f) = 222*f**3 - 15*f**2 - 224*f + 1348. What are the prime factors of r(6)?
2, 5927
Suppose 4*r + 2551 = 5*l - 2904, 4*l + 3*r - 4395 = 0. Let j = -714 + l. List the prime factors of j.
3, 127
Let l = 4401 + -1070. List the prime factors of l.
3331
Let u = -83 + 83. List the prime factors of (-32662)/(-28) - (u - 4)/(-8).
2, 11, 53
Let g(i) = 52*i - 35. Suppose 0*a - 5*a - 117 = t, 5*a + 135 = 5*t. Let r = 29 + a. What are the prime factors of g(r)?
3, 5
Suppose 4*w = -0*w - 72. Let h be (1175/(-50))/(2 - 9/4). Let o = h + w. List the prime factors of o.
2, 19
Let j(d) = 21*d + 10*d**2 + d**2 - 16 - d**3 - 3*d**2. Suppose 8*w - 24 = 5*w. List the prime factors of j(w).
2, 19
Suppose 1696 = 8*d + 448. Suppose -3*n + d = -0*n. What are the prime factors of n?
2, 13
Let z be (1*(2 - 2)*-1)/(-2). Suppose -4*o + 8 = -d - 10, z = -3*o - d + 10. What are the prime factors of 99/o*(1 - -3)?
3, 11
Suppose 4*n - n + 3*x = -3, x + 13 = 2*n. Suppose n*r - 11*r = -98. Suppose r*z + 218 = 1240. List the prime factors of z.
73
Let b = -44 + 48. Suppose 0 = b*i + 2 - 18, -5*r + 5*i - 25 = 0. What are the prime factors of (-1)/3*(r + 1*-50)?
17
Let p(w) = 61*w**3 + 4*w**2 - 2*w - 1. Let q be p(2). Let z = 1206 - q. Suppose -6*g + z = g. What are the prime factors of g?
101
Let x = 46 - 42. Suppose -2*n + 15 = 4*c + n, -x*c + 4*n = 20. List the prime factors of 370*(-3)/(-6) - (c + 4).
181
Suppose f + 2*s - 3164 = 4*s, -5*s = 10. What are the prime factors of f?
2, 5, 79
Let r(c) = 8*c**2 + 366*c + 651. What are the prime factors of r(-62)?
31, 281
Let o be 1769/((-6 - 0)/(-24)) - -6. Suppose -4*m + o = 5*j, -3*j + 3*m = 7*m - 4254. List the prime factors of j.
2, 7, 101
Let t(w) = w**3 + 5*w**2 + 2. Let r be t(-5). Let k = 30 - r. Suppose -o = -2*m - 110, m - 67 - k = -o. What are the prime factors of o?
2, 5
Suppose 0 = 5*a + 2*b - 158711, 4*b + 78164 = 4*a - 48844. List the prime factors of a.
5, 7, 907
Let l(z) = 2*z**2 - 8*z + 19. Let g be -2*7/(-6)*-6. What are the prime factors of l(g)?
523
Suppose -57*x + 2387 - 529 + 3215 = 0. Let h be 2/12*4*-39. Let a = x + h. List the prime factors of a.
3, 7
Suppose 0 = 9*a - 16*a + 84. Let o = 66 - -32. Let s = a + o. List the prime factors of s.
2, 5, 11
Let x(i) = -4*i**2 - 16*i - 19. Let g be x(-2). List the prime factors of (-113360)/(-80) - g*3.
2, 23, 31
Suppose -39772 = -2*b - 2*j, -b - 12*j = -16*j - 19921. List the prime factors of b.
3, 19, 349
Let f(q) = -730*q - 338. What are the prime factors of f(-6)?
2, 43, 47
Let a(l) be the first derivative of 3*l - 11/2*l**2 - 14. List the prime factors of a(-3).
2, 3
Let s(n) = 9*n - 25. Let z(d) = -9*d + 26. Let x(v) = -7*s(v) - 6*z(v). List the prime factors of x(-26).
11, 23
Suppose -4813 = -3*q + 5*c, 0 = -0*q - q - c + 1591. Suppose -q = -6*s - 0*s. What are the prime factors of s?
2, 7, 19
Suppose -5*x = 4*q + 75 + 40, -4*q = -x + 1. Suppose 435 = 5*r - 2*j, j + 300 = 5*r - 135. Let p = r + x. List the prime factors of p.
2, 17
List the prime factors of ((-39)/(-26))/((-3)/(-16804)) + 8.
2, 5, 29
Let n = -2609 - -6868. What are the prime factors of n?
4259
Let n be -5 + (358 - (-9 + 8)). Suppose t + 85 = n. What are the prime factors of t?
269
Let h(d) = 246*d + 1813. What are the prime factors of h(9)?
4027
Let f(u) = u**3 - 54*u**2 + 69*u + 175. What are the prime factors of f(54)?
47, 83
Suppose -5*p = -34*p + 272134 + 1068652. What are the prime factors of p?
2, 23117
Suppose 102*i + 10098 = 218*i - 107*i. What are the prime factors of i?
2, 3, 11, 17
Suppose -8*i + 36 - 4 = 0. Suppose -558 = -i*o + u, u - 696 = -5*o + 3*u. What are the prime factors of o?
2, 5, 7
Suppose -263*u + 280*u - 920686 = 0. List the prime factors of u.
2, 13, 2083
Let m = -30703 + 44583. List the prime factors of m.
2, 5, 347
What are the prime factors of (0 - -5270) + (-12)/36*24?
2, 3, 877
Let y be (-2)/(-6) + (-35)/(-21) - -3. Suppose y*b - 201 - 294 = 0. Let a = b - 45. What are the prime factors of a?
2, 3
Suppose -3*v - 27 = 3*a, -4*v + 14 - 2 = 0. Let n(q) = -5*q + 43. What are the prime factors of n(a)?
103
Let d = 246016 - 169805. What are the prime factors of d?
17, 4483
Let v(p) = -262*p - 77. Let k be v(7). Let s = k + 3271. What are the prime factors of s?
2, 5, 17
What are the prime factors of (-6 + (-21)/(-2))/((-1)/(-1404))?
2, 3, 13
Suppose 2*v + 330 = 1262. Suppose v = 8*f - 174. List the prime factors of f.
2, 5
Let f(n) be the second derivative of -6*n + 0 + 0*n**2 + 47/6*n**3. List the prime factors of f(1).
47
Let x(s) = 326*s**2 + 27*s + 129. List the prime factors of x(11).
2, 7, 89
Suppose -119 = -80*v + 121. Suppose 5106 + 678 = v*o. List the prime factors of o.
2, 241
Suppose -2*m - 20 = -4*o, 0*m - 3*m - 6 = 0. Suppose 92 = -o*u + 1928. What are the prime factors of u?
3, 17
Let t(l) = 206*l**2 - 19*l + 41. What are the prime factors of t(3)?
2, 919
Suppose 5*v + 5*t = 64510, 138*t = 5*v + 139*t - 64498. What are the prime factors of v?
12899
Let j(o) = 95*o + 129. Let b(s) = 380*s + 515. Let v(g) = -2*b(g) + 9*j(g). List the prime factors of v(5).
2, 3, 101
Suppose 2*q - 10 = 0, 2*l - 6*l + q - 37 = 0. Let f(j) = -3*j**3 - 10*j**2 - 4*j - 3. Let b be f(l). Suppose 0 = -6*a - 319 + b. List the prime factors of a.
101
Let k(j) = 15*j**3 - 3*j**2 + 2*j. Let t = 16 + -1. Let m be ((-54)/(-15) - 1) + (-